152 is divided by 160?
152
Calculate the remainder when 629 is divided by 311.
7
What is the remainder when 699 is divided by 24?
3
What is the remainder when 14255 is divided by 24?
23
What is the remainder when 173 is divided by 164?
9
Calculate the remainder when 43245 is divided by 48.
45
Calculate the remainder when 790 is divided by 88.
86
What is the remainder when 2144 is divided by 29?
27
What is the remainder when 1652 is divided by 6?
2
What is the remainder when 23794 is divided by 18?
16
Calculate the remainder when 6296 is divided by 100.
96
Calculate the remainder when 21780 is divided by 23.
22
What is the remainder when 712 is divided by 65?
62
What is the remainder when 1260 is divided by 619?
22
What is the remainder when 5048 is divided by 51?
50
Calculate the remainder when 20 is divided by 20.
0
Calculate the remainder when 118 is divided by 38.
4
What is the remainder when 575 is divided by 13?
3
Calculate the remainder when 93 is divided by 24.
21
Calculate the remainder when 215 is divided by 105.
5
Calculate the remainder when 2467 is divided by 130.
127
What is the remainder when 601 is divided by 551?
50
What is the remainder when 7 is divided by 5?
2
Calculate the remainder when 12523 is divided by 62.
61
What is the remainder when 19 is divided by 10?
9
What is the remainder when 824 is divided by 25?
24
Calculate the remainder when 149 is divided by 13.
6
Calculate the remainder when 1518 is divided by 169.
166
Calculate the remainder when 581 is divided by 113.
16
Calculate the remainder when 267 is divided by 17.
12
What is the remainder when 467 is divided by 113?
15
Calculate the remainder when 6551 is divided by 126.
125
Calculate the remainder when 90 is divided by 26.
12
What is the remainder when 201 is divided by 51?
48
Calculate the remainder when 327 is divided by 6.
3
Calculate the remainder when 926 is divided by 459.
8
Calculate the remainder when 196 is divided by 97.
2
Calculate the remainder when 255 is divided by 64.
63
What is the remainder when 493 is divided by 50?
43
What is the remainder when 663 is divided by 19?
17
Calculate the remainder when 618 is divided by 603.
15
What is the remainder when 1365 is divided by 307?
137
What is the remainder when 1639 is divided by 104?
79
Calculate the remainder when 214 is divided by 18.
16
Calculate the remainder when 61 is divided by 4.
1
What is the remainder when 154 is divided by 78?
76
What is the remainder when 48 is divided by 17?
14
Calculate the remainder when 200 is divided by 15.
5
What is the remainder when 334 is divided by 50?
34
Calculate the remainder when 2204 is divided by 1100.
4
What is the remainder when 3529 is divided by 19?
14
What is the remainder when 53 is divided by 29?
24
What is the remainder when 1208 is divided by 32?
24
Calculate the remainder when 2549 is divided by 33.
8
What is the remainder when 835 is divided by 30?
25
Calculate the remainder when 740 is divided by 50.
40
Calculate the remainder when 920 is divided by 14.
10
Calculate the remainder when 201 is divided by 4.
1
Calculate the remainder when 657 is divided by 66.
63
What is the remainder when 1052 is divided by 218?
180
What is the remainder when 822 is divided by 77?
52
What is the remainder when 622 is divided by 158?
148
What is the remainder when 20703 is divided by 29?
26
What is the remainder when 828 is divided by 49?
44
Calculate the remainder when 98 is divided by 11.
10
What is the remainder when 7705 is divided by 30?
25
Calculate the remainder when 628 is divided by 30.
28
What is the remainder when 475 is divided by 121?
112
What is the remainder when 102 is divided by 35?
32
Calculate the remainder when 5561 is divided by 214.
211
Calculate the remainder when 24782 is divided by 33.
32
What is the remainder when 52873 is divided by 225?
223
Calculate the remainder when 355 is divided by 18.
13
Calculate the remainder when 756 is divided by 23.
20
Calculate the remainder when 42 is divided by 3.
0
Calculate the remainder when 2790 is divided by 49.
46
Calculate the remainder when 319 is divided by 70.
39
Calculate the remainder when 3588 is divided by 36.
24
What is the remainder when 6040 is divided by 106?
104
Calculate the remainder when 41 is divided by 20.
1
Calculate the remainder when 308 is divided by 104.
100
What is the remainder when 1578 is divided by 93?
90
What is the remainder when 904 is divided by 8?
0
Calculate the remainder when 438 is divided by 31.
4
Calculate the remainder when 2012 is divided by 1989.
23
Calculate the remainder when 246 is divided by 64.
54
Calculate the remainder when 15 is divided by 3.
0
What is the remainder when 743 is divided by 219?
86
Calculate the remainder when 2738 is divided by 20.
18
What is the remainder when 305 is divided by 23?
6
Calculate the remainder when 57 is divided by 15.
12
What is the remainder when 501 is divided by 22?
17
Calculate the remainder when 214 is divided by 8.
6
What is the remainder when 53 is divided by 24?
5
Calculate the remainder when 293 is divided by 14.
13
Calculate the remainder when 602 is divided by 70.
42
Calculate the remainder when 53 is divided by 14.
11
What is the remainder when 1820 is divided by 8?
4
What is the remainder when 265 is divided by 3?
1
What is the remainder when 118 is divided by 31?
25
Calculate the remainder when 73 is divided by 13.
8
Calculate the remainder when 72 is divided by 5.
2
What is the remainder when 1815 is divided by 11?
0
What is the remainder when 302 is divided by 8?
6
What is the remainder when 99 is divided by 56?
43
Calculate the remainder when 1126 is divided by 186.
10
What is the remainder when 285 is divided by 77?
54
Calculate the remainder when 133 is divided by 56.
21
What is the remainder when 257 is divided by 20?
17
Calculate the remainder when 823 is divided by 274.
1
What is the remainder when 6066 is divided by 3?
0
Calculate the remainder when 75 is divided by 39.
36
What is the remainder when 205 is divided by 15?
10
Calculate the remainder when 326 is divided by 63.
11
What is the remainder when 14092 is divided by 87?
85
What is the remainder when 67 is divided by 5?
2
What is the remainder when 401 is divided by 101?
98
Calculate the remainder when 273 is divided by 96.
81
What is the remainder when 1181 is divided by 32?
29
Calculate the remainder when 168 is divided by 25.
18
Calculate the remainder when 2589 is divided by 37.
36
What is the remainder when 11019 is divided by 66?
63
Calculate the remainder when 2233 is divided by 22.
11
Calculate the remainder when 183 is divided by 48.
39
What is the remainder when 562 is divided by 555?
7
What is the remainder when 727 is divided by 391?
336
Calculate the remainder when 3932 is divided by 57.
56
Calculate the remainder when 654 is divided by 130.
4
Calculate the remainder when 799 is divided by 16.
15
What is the remainder when 87 is divided by 26?
9
What is the remainder when 1648 is divided by 110?
108
Calculate the remainder when 60 is divided by 16.
12
What is the remainder when 378 is divided by 195?
183
What is the remainder when 75 is divided by 16?
11
What is the remainder when 580 is divided by 39?
34
Calculate the remainder when 710 is divided by 89.
87
Calculate the remainder when 212 is divided by 32.
20
What is the remainder when 2051 is divided by 76?
75
What is the remainder when 11969 is divided by 190?
189
Calculate the remainder when 267 is divided by 30.
27
What is the remainder when 8392 is divided by 23?
20
Calculate the remainder when 4194 is divided by 35.
29
Calculate the remainder when 120 is divided by 41.
38
Calculate the remainder when 144 is divided by 30.
24
Calculate the remainder when 1280 is divided by 200.
80
Calculate the remainder when 432 is divided by 45.
27
Calculate the remainder when 19 is divided by 4.
3
What is the remainder when 396 is divided by 135?
126
Calculate the remainder when 12 is divided by 4.
0
What is the remainder when 1033 is divided by 22?
21
What is the remainder when 58 is divided by 38?
20
What is the remainder when 986 is divided by 142?
134
What is the remainder when 674 is divided by 668?
6
Calculate the remainder when 347 is divided by 30.
17
What is the remainder